5*g - 4*m = -290, 4*g - 2*m - 64 = 142. Suppose 9*u - 46 + 1 = 0. Suppose 6 = u*l - g. What are the prime factors of l?
2, 3
Suppose 123 + 51 = -29*j. List the prime factors of ((-1504)/(-8) - j)*5.
2, 5, 97
List the prime factors of -337*(-38)/(-2)*250/(-250).
19, 337
Suppose -t = -l - 228, -4*t + 4*l = 2*l - 916. Suppose -5*q = -4*i - 226, -11*q = -6*q - i - 214. Suppose -t = -g - q. List the prime factors of g.
2, 47
Suppose -5 = -7*u + 6*u. Suppose -v + 558 = u*v. What are the prime factors of v?
3, 31
Let p = 12 + -9. Suppose -5*u - w = -1003, p*u - u + 5*w - 392 = 0. Suppose -7*s + 4*s + u = 0. What are the prime factors of s?
67
Let t(s) = 3*s**2 - 8*s - 4. Let c be t(3). Let u be 8/(-6) - c/3*-2. What are the prime factors of u - (1 + -7) - -182?
2, 3, 31
Suppose -5*i = -2*f - 21 - 4, f + 20 = 5*i. What are the prime factors of 2163/7 - 7 - (-2 + i)?
7, 43
Suppose 4*d + 2*t - 18111 - 215 = 0, -5*t = 4*d - 18341. List the prime factors of d.
19, 241
Let a be (260/12)/((-7)/(-504)*4). Suppose -17*n + 22*n - a = -5*m, -m - 5*n + 58 = 0. List the prime factors of m.
83
Suppose 0 = -6*i - 11 + 23. Suppose -5*k = 4*p - 43, -2*k = p + i*p - 27. Let f(x) = x**3 - 6*x**2 + 7*x - 7. What are the prime factors of f(p)?
7, 13
Suppose -17*z + 55134 = 1414. Suppose 4*t - z = -5*o + 3959, 0 = -2*o - 3*t + 2842. What are the prime factors of o?
1427
Let g = 58 + -27. Let j = -163 - -142. Let t = g - j. List the prime factors of t.
2, 13
Let t be 3/((-75)/39 - -2). Let u(p) = p**3 + 46*p**2 + 44*p - 49. Let y be u(-45). List the prime factors of -1*(y - (t + 4)).
47
Suppose 4*w - 4*s - 162656 = 0, -31*s + 30*s = 2*w - 81313. What are the prime factors of w?
3, 13553
Let f be (-1)/(3/(-3))*-21. Let s = f - -3. Let o = s + 41. What are the prime factors of o?
23
Let b be (-1479)/4 + (1/(-4) - -1). Let w = -194 - b. What are the prime factors of w?
5, 7
Suppose -7*j - 4*c + 44 = -3*j, 2*j - 5*c - 50 = 0. What are the prime factors of (54/j)/(15/3050)?
2, 3, 61
What are the prime factors of (7 - (-89878)/6) + (-34)/51?
2, 59, 127
Suppose -d = -5*z + 42 - 15, 4*z - d = 21. Suppose -a + 796 = -4*k, 2*a + 5*k = z*a - 3206. What are the prime factors of a?
2, 3, 67
Let y be (-28)/(-8) + 6/(-4). Let v = -109 - -113. Suppose -217 = -y*n - 3*z, 20 = n + v*z - 101. List the prime factors of n.
101
Let i be -60 - 1*(-11 - -7). What are the prime factors of 152/(-3)*294/i?
2, 7, 19
Suppose -5*j - 99 + 1169 = 0. Suppose 215*i - 869 = j*i. What are the prime factors of i?
11, 79
Let r(a) = a + 1. Suppose x + 5 = 19. Let v be r(x). Suppose 67 + 143 = v*l. List the prime factors of l.
2, 7
Let x(a) = -18*a**3 + 6*a - 5. Let c be x(2). Let o = c - -242. What are the prime factors of o?
3, 5, 7
Let r(n) = 30*n**2 + 10*n - 140. List the prime factors of r(18).
2, 5, 61
Let f(i) = 15*i + 232. Let q be f(7). Let r = q + 465. What are the prime factors of r?
2, 401
Suppose -2*i + 402 = 4*i. Let y = -63 - -46. Let n = i + y. List the prime factors of n.
2, 5
Suppose -2*d - g + 13017 = 0, -3987 - 28573 = -5*d + g. What are the prime factors of d?
17, 383
What are the prime factors of ((-448512)/(-6))/(-8)*-1?
2, 73
Suppose 2*y = y - 2, 2*d - 3*y = 38. Suppose 4*o = 2*w + 2*w + d, 0 = -4*o + w + 10. Suppose -o*s = p - 33, -45 = -p - 5*s - 3. What are the prime factors of p?
3
Let q(k) = 65*k - 1. Let b(x) = 133*x - 2. Let n(c) = -2*b(c) + 3*q(c). Let w = -6 - -3. What are the prime factors of n(w)?
2, 107
Let k(a) = -31*a**2 + 3*a + 3. Let w(r) = -16*r**2 + r + 1. Let u(t) = 2*k(t) - 5*w(t). Suppose 2*n = -10, 4*c = 2*c + 4*n + 16. List the prime factors of u(c).
71
Suppose -m = -4*x + 103, -3*m - 30 = -x + 4. Let c be ((-12)/(-15))/(2/x). List the prime factors of (c/(-4))/((-2)/28).
5, 7
Let z(o) = 13*o + 67. Let d be z(-5). Suppose -d*t + 402 = -1868. List the prime factors of t.
5, 227
Let c(x) = x**3 - 6*x**2 + 11*x - 4. Let m be c(2). What are the prime factors of (-21054)/(-78) + m/26?
2, 3, 5
Let q be 2 - -2106 - (-16 - -13). Suppose 3*k + j = 1593, j + 2*j + q = 4*k. List the prime factors of k.
2, 5, 53
Let w(a) = 371*a**3 - 2*a**2 + 3*a - 2. Let k = -86 - -87. What are the prime factors of w(k)?
2, 5, 37
Suppose 9802 - 70983 - 48457 = -9*v. List the prime factors of v.
2, 6091
Let s be 24/9*180/24. Let g(b) = -b**2 + 33*b + 7. List the prime factors of g(s).
3, 89
Suppose x - 22 = 3*x. Let m(z) = z + 21. Let f be m(x). Suppose -3*s - 5 = f, -301 = -3*k + 2*s. What are the prime factors of k?
97
Let s = -56 + 57. Let i(y) = 66*y**3 + y**2 - 1. Let j be i(s). Let c = j - -6. List the prime factors of c.
2, 3
Suppose -v = 3*b - 12, b - 15 = -2*b. List the prime factors of 26/(-65) - (28572/10)/v.
2, 7, 17
Let k(j) = 4*j - 3. Let r(z) = -5*z + 4. Let c(i) = 4*k(i) + 3*r(i). Let l be c(5). What are the prime factors of 15/l*-1 - -39?
2, 3
Let d(b) = -805*b. Let p be d(-2). Suppose p + 722 = 4*t. List the prime factors of t.
11, 53
Suppose -15 - 9 = -12*d. Suppose 120 = d*r + 3*x, -r + 3*r - 122 = -2*x. Suppose 0 = -3*g + 2*a + 63, 3*g - 5*a + 2*a - r = 0. List the prime factors of g.
3, 7
Let l(x) = 2*x**3 - 66*x**2 - 46*x + 112. List the prime factors of l(35).
2, 3, 7
Let h(g) = 5*g**2 + 28*g + 1. Let j be -2*(156/(-8))/(-3). What are the prime factors of h(j)?
2, 241
Let r be 3 - (24528/21 - (0 + 0)). Let j = 2092 + r. What are the prime factors of j?
3, 103
Suppose 6*y - 180 = -4*y. Suppose -3*m + 1768 - y = d, -2*m + 1144 = -5*d. List the prime factors of m.
2, 3, 97
Suppose 0 = -p - 9*d + 4*d + 221, 0 = -4*p + 5*d + 834. Let q = 413 - p. What are the prime factors of q?
2, 101
Let k be (308835/36)/5 + (-1)/(-4). Suppose k = 3*v + 5*n, -2*n + 0*n = 0. List the prime factors of v.
2, 11, 13
Let o(m) = m**3 - 76*m**2 - 99*m + 3506. What are the prime factors of o(81)?
2, 11, 643
Let c(n) = -n**2 + 0*n**2 + 11*n - 14 - 16*n + 33. Let g be c(-6). Suppose g*l = 950 + 1611. What are the prime factors of l?
197
Suppose -3*h + 61 = 5*v, v - 5 = -0*v + 3*h. Suppose 3*f + 602 = -v*f. Let p = 3 - f. What are the prime factors of p?
2, 23
Let s be (2*-2 - 0)/(-33 - -32). What are the prime factors of (s - 1 - 2)*(5 + 57)?
2, 31
Let q(x) = 3*x + 5. Let k be q(-7). Let a = -3 + 5. List the prime factors of (-2 - (-3)/2)*k*a.
2
Suppose 1305*r - 1249*r - 2303392 = 0. What are the prime factors of r?
2, 7, 13, 113
Let c = 144 - 56. Let q = c - 85. Suppose 0 = -4*o + 8, 2*o - 572 - 254 = -q*h. List the prime factors of h.
2, 137
Suppose -35*j + 20705 = -30*j. List the prime factors of j.
41, 101
Suppose 0 = 148*q - 160*q + 12972. Suppose -25*r + 15469 = -q. List the prime factors of r.
2, 331
Suppose -17090 = -d + 4*p + 5494, 3*d = p + 67774. What are the prime factors of d?
2, 353
Let k = 32 - 29. Suppose -383 = -k*f - 2*j, j - 147 - 238 = -3*f. Suppose -3*x + 345 + f = 0. List the prime factors of x.
2, 79
Let t = -89 - -142. Let y be (0 - (-4)/5)/((-3)/(-150)). Let i = t + y. What are the prime factors of i?
3, 31
What are the prime factors of (-29029070)/(-343) + 8/7?
2, 11, 3847
Let c = -8118 - -15773. What are the prime factors of c?
5, 1531
Suppose -3*c = -o - 238, c = -o - 4*c - 222. Let k = 274 + o. List the prime factors of k.
2, 3, 7
Let j(m) = -11*m + 25. Let d(s) = 2 + 2 + 2 - 7. Let u(x) = 2*d(x) - j(x). What are the prime factors of u(14)?
127
Suppose -33*n = -27*n + 24030. List the prime factors of 6/4 + 4 + n/(-10).
2, 7, 29
Let w(q) = q**2 - 24*q + 109. Let a be w(15). Let k(b) = -19*b - 191. What are the prime factors of k(a)?
3, 101
Let y be ((-100)/(-15))/((-1)/(-3)). What are the prime factors of (-12618)/(-20) - (-2)/y?
631
Let m(x) = x**3 + 13*x**2 + 6*x + 80. Let r be m(-13). What are the prime factors of r*1 + -42 + 140?
2, 5
Suppose -12*p + 914 + 838 = 0. Let y be 0/(1 + -2) - p*-2. Let t = y - 150. What are the prime factors of t?
2, 71
Let g(c) = -c**3 - 8*c**2 - 17*c + 1. Let t be g(-7). Suppose 73 = k + t. Suppose 3*x = -12, -k*y + 13 = -2*x - 89. What are the prime factors of y?
47
Let w(m) = -m**2 - 25*m + 42. Let b be w(-22). Let q = 96 - b. List the prime factors of 2286/q*8/(-6).
2, 127
Let l(w) = 515*w**3 + 2*w**2 + 2*w + 1. Let y be l(-1). Let m = y + 945. What are the prime factors of m?
431
Suppose -3*z + 71 = -67. Suppose b = -4 - 21. Let i